alculate the remainder when 1984 is divided by 35.
24
Calculate the remainder when 102 is divided by 58.
44
Calculate the remainder when 1886 is divided by 37.
36
Calculate the remainder when 238 is divided by 15.
13
Calculate the remainder when 1004 is divided by 53.
50
Calculate the remainder when 355 is divided by 21.
19
Calculate the remainder when 1071 is divided by 118.
9
What is the remainder when 507 is divided by 104?
91
What is the remainder when 2043 is divided by 108?
99
Calculate the remainder when 2114 is divided by 46.
44
What is the remainder when 4551 is divided by 53?
46
Calculate the remainder when 176 is divided by 13.
7
What is the remainder when 399 is divided by 215?
184
What is the remainder when 993 is divided by 14?
13
Calculate the remainder when 482 is divided by 49.
41
What is the remainder when 269 is divided by 21?
17
What is the remainder when 120 is divided by 108?
12
Calculate the remainder when 493 is divided by 99.
97
Calculate the remainder when 48 is divided by 13.
9
What is the remainder when 450 is divided by 38?
32
Calculate the remainder when 52 is divided by 27.
25
What is the remainder when 13270 is divided by 237?
235
Calculate the remainder when 380 is divided by 51.
23
What is the remainder when 132 is divided by 47?
38
What is the remainder when 386 is divided by 50?
36
Calculate the remainder when 49 is divided by 19.
11
Calculate the remainder when 474 is divided by 232.
10
What is the remainder when 417 is divided by 60?
57
What is the remainder when 471 is divided by 15?
6
Calculate the remainder when 684 is divided by 14.
12
Calculate the remainder when 3147 is divided by 47.
45
What is the remainder when 1856 is divided by 310?
306
What is the remainder when 379 is divided by 3?
1
Calculate the remainder when 294 is divided by 178.
116
Calculate the remainder when 211 is divided by 67.
10
Calculate the remainder when 1148 is divided by 46.
44
Calculate the remainder when 34 is divided by 7.
6
What is the remainder when 10777 is divided by 20?
17
Calculate the remainder when 11468 is divided by 151.
143
Calculate the remainder when 10330 is divided by 211.
202
What is the remainder when 56 is divided by 50?
6
Calculate the remainder when 32 is divided by 5.
2
What is the remainder when 454 is divided by 91?
90
Calculate the remainder when 412 is divided by 37.
5
What is the remainder when 73 is divided by 21?
10
Calculate the remainder when 37 is divided by 8.
5
Calculate the remainder when 459 is divided by 116.
111
Calculate the remainder when 212 is divided by 198.
14
Calculate the remainder when 465 is divided by 18.
15
Calculate the remainder when 353 is divided by 73.
61
Calculate the remainder when 1767 is divided by 882.
3
What is the remainder when 155 is divided by 52?
51
Calculate the remainder when 28489 is divided by 259.
258
What is the remainder when 2014 is divided by 16?
14
Calculate the remainder when 916 is divided by 912.
4
What is the remainder when 387 is divided by 39?
36
Calculate the remainder when 13506 is divided by 44.
42
What is the remainder when 230 is divided by 60?
50
Calculate the remainder when 249 is divided by 63.
60
Calculate the remainder when 207 is divided by 52.
51
Calculate the remainder when 290 is divided by 7.
3
Calculate the remainder when 474 is divided by 29.
10
Calculate the remainder when 70 is divided by 12.
10
What is the remainder when 856 is divided by 253?
97
Calculate the remainder when 112 is divided by 29.
25
What is the remainder when 63 is divided by 33?
30
Calculate the remainder when 149 is divided by 43.
20
Calculate the remainder when 651 is divided by 227.
197
What is the remainder when 19 is divided by 17?
2
What is the remainder when 6613 is divided by 105?
103
What is the remainder when 134 is divided by 117?
17
What is the remainder when 581 is divided by 84?
77
Calculate the remainder when 465 is divided by 217.
31
Calculate the remainder when 1380 is divided by 99.
93
Calculate the remainder when 10076 is divided by 45.
41
What is the remainder when 567 is divided by 114?
111
What is the remainder when 719 is divided by 25?
19
Calculate the remainder when 21002 is divided by 89.
87
What is the remainder when 7559 is divided by 3779?
1
What is the remainder when 1244 is divided by 1235?
9
What is the remainder when 531 is divided by 223?
85
What is the remainder when 390 is divided by 4?
2
What is the remainder when 915 is divided by 771?
144
Calculate the remainder when 618 is divided by 64.
42
What is the remainder when 6070 is divided by 27?
22
What is the remainder when 7096 is divided by 42?
40
Calculate the remainder when 159 is divided by 10.
9
Calculate the remainder when 359 is divided by 57.
17
Calculate the remainder when 38 is divided by 30.
8
What is the remainder when 634 is divided by 469?
165
Calculate the remainder when 35 is divided by 10.
5
What is the remainder when 35529 is divided by 28?
25
What is the remainder when 640 is divided by 38?
32
Calculate the remainder when 828 is divided by 251.
75
Calculate the remainder when 20161 is divided by 3.
1
What is the remainder when 5427 is divided by 111?
99
Calculate the remainder when 64 is divided by 18.
10
What is the remainder when 264 is divided by 68?
60
What is the remainder when 4917 is divided by 15?
12
Calculate the remainder when 211 is divided by 191.
20
Calculate the remainder when 140 is divided by 11.
8
What is the remainder when 1066 is divided by 97?
96
Calculate the remainder when 588 is divided by 54.
48
Calculate the remainder when 355 is divided by 12.
7
Calculate the remainder when 216 is divided by 45.
36
Calculate the remainder when 142 is divided by 10.
2
What is the remainder when 738 is divided by 37?
35
What is the remainder when 373 is divided by 17?
16
What is the remainder when 526 is divided by 27?
13
What is the remainder when 6 is divided by 4?
2
What is the remainder when 78 is divided by 5?
3
What is the remainder when 836 is divided by 810?
26
What is the remainder when 658 is divided by 130?
8
What is the remainder when 362 is divided by 85?
22
What is the remainder when 629 is divided by 45?
44
What is the remainder when 186 is divided by 14?
4
What is the remainder when 671 is divided by 98?
83
Calculate the remainder when 15750 is divided by 78.
72
Calculate the remainder when 1330 is divided by 103.
94
Calculate the remainder when 206 is divided by 35.
31
Calculate the remainder when 700 is divided by 141.
136
What is the remainder when 588 is divided by 37?
33
What is the remainder when 1745 is divided by 19?
16
What is the remainder when 1799 is divided by 34?
31
Calculate the remainder when 206 is divided by 52.
50
What is the remainder when 382 is divided by 55?
52
What is the remainder when 31854 is divided by 123?
120
Calculate the remainder when 84 is divided by 18.
12
What is the remainder when 214 is divided by 55?
49
Calculate the remainder when 2286 is divided by 164.
154
Calculate the remainder when 322 is divided by 157.
8
What is the remainder when 1837 is divided by 92?
89
Calculate the remainder when 4087 is divided by 89.
82
What is the remainder when 74 is divided by 32?
10
What is the remainder when 626 is divided by 42?
38
Calculate the remainder when 65 is divided by 29.
7
Calculate the remainder when 1214 is divided by 9.
8
Calculate the remainder when 1669 is divided by 63.
31
What is the remainder when 575 is divided by 24?
23
Calculate the remainder when 3218 is divided by 14.
12
Calculate the remainder when 6958 is divided by 116.
114
What is the remainder when 947 is divided by 17?
12
Calculate the remainder when 2497 is divided by 190.
27
What is the remainder when 117 is divided by 30?
27
Calculate the remainder when 233 is divided by 13.
12
What is the remainder when 116 is divided by 32?
20
Calculate the remainder when 13 is divided by 2.
1
Calculate the remainder when 107 is divided by 28.
23
What is the remainder when 489 is divided by 70?
69
Calculate the remainder when 478 is divided by 53.
1
What is the remainder when 107 is divided by 11?
8
What is the remainder when 1365 is divided by 309?
129
Calculate the remainder when 460 is divided by 66.
64
Calculate the remainder wh